t the prime factors of 1378809.
3, 223, 229
What are the prime factors of 1032678?
2, 3, 103, 557
List the prime factors of 12387320.
2, 5, 11, 47, 599
List the prime factors of 5742845.
5, 19, 61, 991
What are the prime factors of 650466?
2, 3, 36137
List the prime factors of 3483537.
3, 59, 19681
List the prime factors of 162106.
2, 7, 11579
What are the prime factors of 437355?
3, 5, 9719
What are the prime factors of 33438570?
2, 3, 5, 11, 107, 947
List the prime factors of 2530361.
2530361
List the prime factors of 245412.
2, 3, 17, 401
What are the prime factors of 16722196?
2, 23, 181763
List the prime factors of 9077495.
5, 7, 67, 79
List the prime factors of 156909.
3, 193, 271
List the prime factors of 4367019.
3, 1455673
List the prime factors of 2093376.
2, 3, 10903
What are the prime factors of 119270?
2, 5, 11927
What are the prime factors of 335146?
2, 7, 37, 647
List the prime factors of 5052173.
7, 721739
What are the prime factors of 5049956?
2, 1069, 1181
List the prime factors of 299791.
349, 859
What are the prime factors of 346916?
2, 86729
What are the prime factors of 1720529?
47, 36607
List the prime factors of 5308504.
2, 663563
List the prime factors of 318785.
5, 103, 619
List the prime factors of 845951.
845951
List the prime factors of 2277164.
2, 59, 9649
What are the prime factors of 751582?
2, 13, 137, 211
What are the prime factors of 6803730?
2, 3, 5, 113, 223
What are the prime factors of 730035?
3, 5, 16223
What are the prime factors of 403932?
2, 3, 41, 821
What are the prime factors of 76242?
2, 3, 97, 131
What are the prime factors of 325101?
3, 7, 113, 137
List the prime factors of 1737819.
3, 353, 547
What are the prime factors of 52153?
52153
List the prime factors of 10260728.
2, 607, 2113
List the prime factors of 82605.
3, 5, 5507
What are the prime factors of 1391235?
3, 5, 137, 677
List the prime factors of 3387821.
3387821
What are the prime factors of 8756704?
2, 11, 24877
What are the prime factors of 2635450?
2, 5, 52709
List the prime factors of 1413998.
2, 706999
List the prime factors of 19261446.
2, 3, 47, 167, 409
What are the prime factors of 2334590?
2, 5, 157, 1487
List the prime factors of 2502436.
2, 625609
What are the prime factors of 263142?
2, 3, 11, 443
What are the prime factors of 450673?
271, 1663
List the prime factors of 5558197.
97, 57301
What are the prime factors of 443392?
2, 433
List the prime factors of 967137.
3, 179, 1801
List the prime factors of 1058524.
2, 264631
List the prime factors of 16106483.
16106483
List the prime factors of 200956.
2, 7, 7177
List the prime factors of 6395791.
17, 439, 857
List the prime factors of 318655.
5, 101, 631
List the prime factors of 946737.
3, 11, 73, 131
List the prime factors of 25765188.
2, 3, 2147099
List the prime factors of 67810.
2, 5, 6781
List the prime factors of 368218.
2, 31, 5939
What are the prime factors of 2198393?
547, 4019
What are the prime factors of 155945?
5, 31189
List the prime factors of 3577080.
2, 3, 5, 13, 2293
What are the prime factors of 267870?
2, 3, 5, 8929
List the prime factors of 7517834.
2, 101, 37217
What are the prime factors of 3018116?
2, 79, 9551
List the prime factors of 994876.
2, 248719
What are the prime factors of 616142?
2, 239, 1289
What are the prime factors of 3386459?
1013, 3343
What are the prime factors of 4892?
2, 1223
What are the prime factors of 8251006?
2, 1063, 3881
What are the prime factors of 5521597?
5521597
List the prime factors of 5337719.
43, 124133
What are the prime factors of 391001?
13, 19, 1583
List the prime factors of 51074.
2, 25537
What are the prime factors of 416003?
7, 67, 887
List the prime factors of 2335932.
2, 3, 43, 503
What are the prime factors of 109161?
3, 13, 311
List the prime factors of 15368067.
3, 11, 13, 11941
What are the prime factors of 67167?
3, 17, 439
List the prime factors of 534086.
2, 7, 38149
What are the prime factors of 9949885?
5, 11, 180907
What are the prime factors of 352199?
23, 15313
List the prime factors of 2192470.
2, 5, 7, 31321
What are the prime factors of 618115?
5, 181, 683
List the prime factors of 901731.
3, 17, 17681
What are the prime factors of 4027248?
2, 3, 27967
What are the prime factors of 12568027?
109, 115303
List the prime factors of 10103860.
2, 5, 13, 38861
What are the prime factors of 43462?
2, 31, 701
List the prime factors of 3518531.
31, 113501
List the prime factors of 4574701.
31, 147571
What are the prime factors of 154605?
3, 5, 11, 937
List the prime factors of 5088333.
3, 19, 89269
What are the prime factors of 520559?
13, 23, 1741
What are the prime factors of 282856?
2, 7, 5051
What are the prime factors of 13894324?
2, 31, 89, 1259
List the prime factors of 16100306.
2, 1549, 5197
What are the prime factors of 6444220?
2, 5, 419, 769
What are the prime factors of 1165429?
43, 27103
What are the prime factors of 26721479?
26721479
List the prime factors of 789361.
17, 59, 787
What are the prime factors of 18203329?
29, 59, 10639
List the prime factors of 16888888.
2, 17, 124183
What are the prime factors of 1276291?
83, 15377
List the prime factors of 239839.
373, 643
What are the prime factors of 1473495?
3, 5, 23, 4271
What are the prime factors of 17336129?
17336129
What are the prime factors of 364471?
364471
List the prime factors of 1748124.
2, 3, 7, 991
What are the prime factors of 254715?
3, 5, 16981
What are the prime factors of 1302857?
41, 43, 739
List the prime factors of 680999.
11, 61909
List the prime factors of 17828796.
2, 3, 1485733
List the prime factors of 613557.
3, 7, 9739
What are the prime factors of 1282955?
5, 59, 4349
List the prime factors of 1155145.
5, 103, 2243
List the prime factors of 720755.
5, 7, 20593
List the prime factors of 1930619.
47, 41077
List the prime factors of 571555.
5, 114311
What are the prime factors of 1228292?
2, 13, 23, 79
What are the prime factors of 11483995?
5, 73, 431
List the prime factors of 35675.
5, 1427
What are the prime factors of 245725?
5, 9829
What are the prime factors of 2504342?
2, 103, 12157
List the prime factors of 114241.
23, 4967
List the prime factors of 372978.
2, 3, 6907
List the prime factors of 10908748.
2, 2727187
List the prime factors of 1324091.
19, 227, 307
What are the prime factors of 99311?
47, 2113
What are the prime factors of 2881560?
2, 3, 5, 11, 37, 59
What are the prime factors of 311042?
2, 155521
List the prime factors of 3130245.
3, 5, 59, 131
List the prime factors of 69185.
5, 101, 137
List the prime factors of 4478547.
3, 19, 78571
List the prime factors of 39962.
2, 13, 29, 53
What are the prime factors of 360483?
3, 107, 1123
What are the prime factors of 5135089?
1451, 3539
List the prime factors of 2480687.
11, 61, 3697
What are the prime factors of 177380?
2, 5, 7, 181
List the prime factors of 982484.
2, 245621
List the prime factors of 515953.
457, 1129
List the prime factors of 279506.
2, 139753
What are the prime factors of 610957?
610957
What are the prime factors of 3711907?
3711907
List the prime factors of 163966.
2, 11, 29, 257
List the prime factors of 222139.
17, 73, 179
List the prime factors of 2984115.
3, 5, 198941
What are the prime factors of 209813?
209813
List the prime factors of 135173.
135173
What are the prime factors of 299897?
13, 17, 23, 59
What are the prime factors of 270061?
11, 24551
What are the prime factors of 616948?
2, 89, 1733
What are the prime factors of 695569?
7, 99367
List the prime factors of 5319796.
2, 1329949
What are the prime factors of 1480165?
5, 23, 61, 211
What are the prime factors of 7024945?
5, 1404989
List the prime factors of 7213423.
7, 17, 60617
What are the prime factors of 719714?
2, 41, 67, 131
What are the prime factors of 8451627?
3, 71, 39679
What are the prime factors of 6652167?
3, 439, 5051
List the prime factors of 3097566.
2, 3, 37, 4651
List the prime factors of 5604980.
2, 5, 280249
List the prime factors of 427.
7, 61
List the prime factors of 135543.
3, 45181
List the prime factors of 1610939.
11, 146449
List the prime factors of 150141.
3, 50047
What are the prime factors of 2445395?
5, 19, 25741
List the prime factors of 570060.
2, 3, 5, 3167
What are the prime factors of 12962588?
2, 31, 104537
